is divided by 5129.
2354
What is the remainder when 12051426 is divided by 474?
450
What is the remainder when 16233351 is divided by 17251?
160
Calculate the remainder when 47748 is divided by 2131.
866
What is the remainder when 8828104 is divided by 188?
0
Calculate the remainder when 126278 is divided by 814.
108
What is the remainder when 2529394 is divided by 1606?
1550
What is the remainder when 11356 is divided by 2815?
96
What is the remainder when 12950154 is divided by 1854?
1818
Calculate the remainder when 20875420 is divided by 10901.
5
What is the remainder when 72589 is divided by 542?
503
What is the remainder when 384814 is divided by 839?
552
Calculate the remainder when 229257238 is divided by 820.
818
What is the remainder when 401457 is divided by 133713?
318
What is the remainder when 9863754 is divided by 519141?
75
Calculate the remainder when 19813399 is divided by 8713.
37
What is the remainder when 23518481 is divided by 5879610?
41
Calculate the remainder when 4973566 is divided by 1564.
46
Calculate the remainder when 545572 is divided by 7.
6
What is the remainder when 510523 is divided by 2127?
43
Calculate the remainder when 193955 is divided by 401.
272
What is the remainder when 925561 is divided by 1226?
1157
What is the remainder when 22339516 is divided by 270?
256
What is the remainder when 144077 is divided by 47763?
788
Calculate the remainder when 1961942 is divided by 8567.
99
What is the remainder when 37656 is divided by 5199?
1263
Calculate the remainder when 69584 is divided by 2667.
242
What is the remainder when 7485102 is divided by 1334?
28
What is the remainder when 382844 is divided by 126982?
1898
What is the remainder when 10146704 is divided by 108?
104
Calculate the remainder when 79454 is divided by 7212.
122
Calculate the remainder when 120783 is divided by 180.
3
What is the remainder when 1019051 is divided by 187?
88
What is the remainder when 1045274 is divided by 196?
6
Calculate the remainder when 87515764 is divided by 4861986.
16
What is the remainder when 2368323 is divided by 71703?
2124
Calculate the remainder when 6195895 is divided by 36662.
17
Calculate the remainder when 46675827 is divided by 1130.
47
What is the remainder when 91281 is divided by 1040?
801
What is the remainder when 86319622 is divided by 2619?
1
What is the remainder when 28928223 is divided by 9642735?
18
Calculate the remainder when 3428873 is divided by 213.
212
What is the remainder when 319903 is divided by 159792?
319
What is the remainder when 524438 is divided by 15891?
35
What is the remainder when 6476616 is divided by 201?
195
What is the remainder when 232154 is divided by 280?
34
What is the remainder when 13421 is divided by 357?
212
Calculate the remainder when 2489878 is divided by 2500.
2378
Calculate the remainder when 27889016 is divided by 290.
6
What is the remainder when 277884 is divided by 741?
9
Calculate the remainder when 380196 is divided by 42241.
27
Calculate the remainder when 13064 is divided by 464.
72
What is the remainder when 58218 is divided by 2100?
1518
What is the remainder when 8859415 is divided by 2214834?
79
What is the remainder when 960852 is divided by 120?
12
Calculate the remainder when 10380021 is divided by 63681.
18
Calculate the remainder when 123619781 is divided by 2632.
5
Calculate the remainder when 116331677 is divided by 85.
82
Calculate the remainder when 613094 is divided by 3372.
2762
Calculate the remainder when 383320 is divided by 14194.
82
Calculate the remainder when 194844478 is divided by 103.
99
Calculate the remainder when 605550 is divided by 605.
550
What is the remainder when 2843638 is divided by 22?
6
What is the remainder when 24230607 is divided by 249800?
7
What is the remainder when 523833 is divided by 1089?
24
What is the remainder when 1184111 is divided by 446?
427
What is the remainder when 3183581 is divided by 3183569?
12
What is the remainder when 16723654 is divided by 291?
175
Calculate the remainder when 1290925 is divided by 322394.
1349
What is the remainder when 7682 is divided by 601?
470
What is the remainder when 1290940 is divided by 408?
28
What is the remainder when 806510 is divided by 110?
100
Calculate the remainder when 2703245 is divided by 28455.
20
Calculate the remainder when 3529687 is divided by 9723.
238
Calculate the remainder when 21039463 is divided by 23.
6
What is the remainder when 1543923 is divided by 54?
9
What is the remainder when 271376370 is divided by 577?
576
Calculate the remainder when 529719 is divided by 9025.
6269
What is the remainder when 179287 is divided by 5615?
5222
Calculate the remainder when 401664 is divided by 401614.
50
What is the remainder when 10986410 is divided by 305178?
2
Calculate the remainder when 48450586 is divided by 9690106.
56
What is the remainder when 422536 is divided by 419184?
3352
Calculate the remainder when 259583063 is divided by 7412.
7411
Calculate the remainder when 10654 is divided by 1071.
1015
What is the remainder when 81824412 is divided by 3899?
3897
Calculate the remainder when 378342 is divided by 1161.
1017
Calculate the remainder when 534331 is divided by 859.
33
Calculate the remainder when 4291 is divided by 1022.
203
What is the remainder when 29701996 is divided by 1647?
1645
What is the remainder when 1564620 is divided by 17775?
420
What is the remainder when 16958 is divided by 1814?
632
Calculate the remainder when 4723401 is divided by 3386.
3317
Calculate the remainder when 11986816 is divided by 92.
44
What is the remainder when 309743997 is divided by 320?
317
What is the remainder when 916584 is divided by 152761?
18
What is the remainder when 1773663 is divided by 1801?
1479
Calculate the remainder when 351129 is divided by 1596.
9
Calculate the remainder when 741679 is divided by 145.
4
Calculate the remainder when 3759918 is divided by 268565.
8
What is the remainder when 2061658 is divided by 2590?
18
What is the remainder when 785959 is divided by 191?
185
What is the remainder when 4438 is divided by 1112?
1102
Calculate the remainder when 36936 is divided by 11313.
2997
What is the remainder when 1035838 is divided by 172374?
1594
What is the remainder when 149015 is divided by 536?
7
What is the remainder when 4396300 is divided by 389?
211
Calculate the remainder when 6753756 is divided by 814.
812
Calculate the remainder when 18973692 is divided by 20646.
18
What is the remainder when 224377 is divided by 14?
13
Calculate the remainder when 94984541 is divided by 31661496.
53
Calculate the remainder when 256628684 is divided by 301.
298
What is the remainder when 224339 is divided by 112149?
41
What is the remainder when 6599834 is divided by 27272?
10
Calculate the remainder when 12583 is divided by 2469.
238
Calculate the remainder when 12016222 is divided by 1056.
1054
What is the remainder when 13861745 is divided by 125?
120
What is the remainder when 77233 is divided by 314?
303
What is the remainder when 75932 is divided by 2179?
1846
What is the remainder when 2308495 is divided by 19?
14
Calculate the remainder when 9538438 is divided by 808.
806
Calculate the remainder when 16626 is divided by 5121.
1263
Calculate the remainder when 69827 is divided by 269.
156
Calculate the remainder when 1314980 is divided by 23906.
150
What is the remainder when 6786 is divided by 347?
193
Calculate the remainder when 11182856 is divided by 19.
7
What is the remainder when 3734975 is divided by 57?
50
What is the remainder when 65451491 is divided by 116?
115
What is the remainder when 2426428 is divided by 103?
57
What is the remainder when 20618 is divided by 2253?
341
Calculate the remainder when 52387 is divided by 1958.
1479
What is the remainder when 614213 is divided by 349?
322
What is the remainder when 231058 is divided by 3099?
1732
What is the remainder when 6188 is divided by 5016?
1172
What is the remainder when 18633426 is divided by 1270?
1256
Calculate the remainder when 170722318 is divided by 11.
8
What is the remainder when 4163773 is divided by 1387917?
22
What is the remainder when 97039592 is divided by 14?
6
Calculate the remainder when 4041717 is divided by 7957.
7518
Calculat